+ -5?
-4
Calculate (-18 - (-13 - -6)) + 9.
-2
Evaluate -1 - ((-5 - -1 - -2) + 3).
-2
Evaluate -161 + 157 + (23 - 6).
13
2 - 0 - (4 + -16 + 7 - -21)
-14
Calculate (-12 + 1 - -24) + (-9 - -8).
12
What is 2 + (11 - 1 - 6 - -2)?
8
Evaluate -1 + -16 - (-160 - -159).
-16
Evaluate (-6 - (7 - 6)) + (31 - 16).
8
What is 12 + (-12 - -9) + (3 - -4) + -5?
11
(-6 - -1) + -42 + 45 - -9 - -10
17
Evaluate (20 - 8) + (-18 - 1).
-7
What is the value of -11 - -19 - (3 + (-3 - 8))?
16
What is 12 + (10 - (13 - 0)) + 2 + 0?
11
What is the value of (2 - (-4 - -3)) + -154 + 115?
-36
Calculate (5 - (-1 + 4 + 2 + -4)) + 6.
10
What is the value of (12 - 12) + (12 - 3) - (0 - -2)?
7
Calculate 9 + 1 + -129 + 117.
-2
What is the value of (166 - 200) + 8 + -1?
-27
What is 14 + 16 + 12 + -57?
-15
What is the value of (13 - 14) + (-12 - -5) - (-12 + -3)?
7
What is (2 - (2 + 1 - 5)) + 3?
7
What is the value of -3 + (0 - -5) + (3 - (-9 + 11))?
3
(-12 + 6 + 17 - -7) + -7 + -7
4
What is the value of ((1 - (-9 - -1)) + -5 - 8) + -9?
-13
Evaluate 4 + 11 + 5 + -16.
4
What is the value of -17 + 0 - (11 + -5 + 4 + -16)?
-11
What is (-294 - -291) + -7 + (3 - 3 - 0)?
-10
Evaluate (1 + -2 - -33) + (-7 - 6) + 9.
28
What is 1 - (-12 - (-18 + 10))?
5
Calculate (-998 - -1020) + (-1 - -9).
30
-15 + -35 + 33 + 8 + 0
-9
Calculate -18 + 6 + (-7 + 7 - -9) - 7.
-10
17 - ((3 - -13) + 3)
-2
30 - (-36 - -63) - (3 + -2)
2
Evaluate -9 - -12 - 4 - -15.
14
What is the value of (7 - 22) + (-6 - -2) - 4?
-23
What is -1 - (0 + 7 + (-36 - (1 + -22)))?
7
Calculate (3 - (13 - -7)) + 32.
15
Calculate 5 - (-6 + -4 + 4 + 15).
-4
Evaluate (0 + 0 - -15) + -12 + 76 + -56.
23
Calculate -36 - ((-6 - 29) + 12).
-13
What is the value of -14 + -4 + 15 + 15?
12
Calculate -6 + -47 + 45 - (-10 + 0).
2
What is -5 - (-15 - (-13 - (-39 + 13)))?
23
What is the value of 7 + -20 + 5 + 5 + 3 + -6?
-6
-6 + 11 + 7 + -21 + 17
8
Calculate (-2 - -3) + (-18 - -22) + 25.
30
-11 + 8 + -5 - -8 - (-7 - 1)
8
Calculate -17 + 0 + (37 - (40 + -12)).
-8
What is the value of -2 + (-6 - (-2 - 6) - 9)?
-9
Calculate -4 - (-5 + 1 + -5 + 7).
-2
What is the value of (-12 - (-34 + 20)) + 3 + -1?
4
What is the value of -1 - -5 - (23 + (-7 - 7))?
-5
What is 6 + -1 + -12 + (47 - 40)?
0
Calculate -630 + 654 + -24 + 4.
4
(-17 - -10) + -1 + 0 + 7
-1
(4 - (3 + -6)) + (-4 - (-32 - -29))
6
(-86 - -126) + -31 + 5
14
What is the value of (-7 + 10 - 4) + (-3 - -1) + -3?
-6
Calculate -9 + 30 + -46 + -6.
-31
Evaluate -28 + 0 + 6 + (-44 - -36).
-30
What is (3 - 9) + (10 - -1)?
5
Calculate -3 + 8 - (3 - 3 - (5 - 5)).
5
What is 7 + (-7 - (18 - (6 + 2)))?
-10
Evaluate -23 - (17 + -41 + 13).
-12
Evaluate -2 + 11 + (2 - 1).
10
Evaluate (1 + -1 - -4) + (-69 + 210 - 157).
-12
Calculate 3 - (67 + -66 - (1 - -3) - 6).
12
Calculate (3 - (-2 - -1)) + -10 + 1 + 5.
0
Evaluate -5 + 19 + 13 + -7 + -6.
14
Evaluate (-3 - -2) + -3 + 1 - (-103 + 113).
-13
What is -47 + 2 + (20 - (45 - 36))?
-34
Evaluate 0 + 0 + 20 - (37 + -5 + -30).
18
Evaluate 177 + -156 - (6 + -2 + 1).
16
Evaluate (-5 - (6 + -9)) + (3 - 1) + 6.
6
5 + 0 + 5 + -6 + 0 - 6
-2
What is -23 + 11 + (5 - 0)?
-7
What is the value of 0 + 21 + (-8 - (-5 + 17 + -12))?
13
Calculate 3 + -2 + ((-2 - -1) + -7 - -14).
7
Calculate -16 - (20 + -30 + -3).
-3
2 - -3 - 7 - (-6 - (-2 + -2))
0
Calculate -1 + -3 - (-22 + 11 + 19).
-12
Evaluate -20 + 29 - (21 + -1).
-11
What is the value of -35 - ((-30 - -26) + -9)?
-22
Calculate (-18 - -51 - 3) + -54.
-24
(-4 - -25 - 32) + -14
-25
What is 24 + -11 + -16 + 17?
14
Calculate (-3 - (-7 - -9)) + 2 + -9.
-12
What is (15 - 8) + -23 + 22?
6
Evaluate -7 - (3 + -6 + (-6 - (-17 + 7))).
-8
Evaluate 8 - 4 - -8 - 21.
-9
What is 3 + 5 + -3 + (5 - 1)?
9
(0 + (-2 - 5) - -6) + -13 + 1
-13
Evaluate -11 + (3 - (4 - (10 + 0))) + 4.
2
Calculate 29 + (50 + -36 - 57).
-14
(20 - 48 - -27) + 2 + -5 - 2
-6
What is the value of (4 + 22 - 20) + (-21 - (1 - 0))?
-16
Evaluate (100 - (-43 - -111)) + (-4 - 0).
28
What is the value of (-17 - -9 - (-6 + 4)) + -13?
-19
What is the value of (0 + 12 - -4) + -16?
0
Evaluate -6 - -13 - (2 - (8 + 3 + -7)).
9
Calculate -40 - (-39 + -5) - -12.
16
What is 11 - 13 - 2 - (-1 - -11)?
-14
Calculate -10 + (-2 - -23) - 6.
5
Evaluate 0 - (22 - 10) - -21.
9
What is -52 + 13 - (10 - (2 - -16))?
-31
-15 + -17 + 36 + (0 - 3)
1
What is the value of -15 - ((11 - (-1 - -20)) + 5 + 0)?
-12
2 + 7 + -1 + -12 + 20
16
What is the value of -4 + (-15 - -17) + -1 + 3?
0
Calculate (13 + -6 - (2 - 2)) + -31 + 9.
-15
(-31 + 22 - 2 - (0 + -3)) + 26
18
Evaluate -8 - -26 - (-1 + 2).
17
Calculate (-8 - (-9 - -3)) + (-2 - (4 - 0)).
-8
Calculate (-17 - -32 - 30) + 15 + 17.
17
What is -36 + (-7 - -13) - -18 - (1 - -1)?
-14
What is (19 - 10) + -29 + 24?
4
What is -1 + (2 - (-27 + 14))?
14
Evaluate 14 + -39 + 35 + 0 + 1 - 2.
9
Calculate 3 - -2 - (-10 + 24).
-9
Calculate 1 + -2 + 1 + (-1 - (-38 + 26)).
11
-5 + (5 + -12 - -6)
-6
What is (12 - 35) + 21 + (17 - 0)?
15
What is the value of 0 - (26 + -23) - 9?
-12
Evaluate 53 - 46 - (6 - -3).
-2
Calculate 11 - (4 + 7 + -11) - -3.
14
(0 - (1 - 2) - -7) + 1314 + -1356
-34
-7 + (6 - 0) + -14 + 9
-6
Calculate (4 - -12) + (18 - 5 - 5).
24
What is the value of 3 - (-4 + 3 + 16)?
-12
Evaluate (9 - 24) + (9 - 2).
-8
Calculate 46 + (-43 - -20) - 12.
11
What is (-2 - 17) + -2 + (3 - (1 + 2))?
-21
Calculate 10 - -3 - 40 - -14.
-13
What is 41 + (-30 - (-6 + -5))?
22
Evaluate -1 + 0 + -11 + -20 + 27.
-5
Calculate -14 - ((22 - 17) + -13 + 5).
-11
What is the value of (7 - (-12 + -7) - 7) + -7?
12
What is 23 - 25 - (0 + (2 - -1))?
-5
What is -25 + 1 + -39 + (13 - -24 - 6)?
-32
Evaluate 0 + (-32 - (-7 - (-10 + 8) - 0)).
-27
What is the value of -9 - (-7 - (8 - 7)) - -16?
15
What is the value of (-23 + 70 - 42) + -1 + 5 - 16?
-7
Evaluate 11 + ((0 - -7) + -3 - 4 - 0).
11
Evaluate (3 - (6 + 2)) + 7.
2
Evaluate 15 + (-29 - -11 - -16).
13
Evaluate 5 - (5 - 9) - (-9 - (-7 - -5)).
16
20 + -5 + -9 - 26
-20
Evaluate -11 - (11 + (-31 - -8)) - (0 + 15).
-14
Calculate 12 + (14 - 12 - 5) + 4.
13
Evaluate -15 - -1 - (-25 + 9 + 20) - 7.
-25
Calculate 9 + -2 + (7 + 1 - 10) - 4.
1
Evaluate -23 - ((-14 + 16 - 4) + 8).
-29
Evaluate (-15 + 15 - (-9 + 4)) + 17.
22
Calculate -4 + -1 + 30 + -18 + -5 + 0.
2
Calculate -14 - ((-8 - (16 - 26)) + -16).
0
23 + (-16 - -21 - 43)
-15
What is the value of (-12 - (3 - 13)) + -2 + 2 + -1?
-3
0 + -5 + (-23 - -6) + (-8 - -7)
-23
What is -58 + 33 - (2 - 2 - (6 - -3))?
-16
Calculate -60 - -42 - (15 + -40).
7
Calculate (6 - (-9 + 16)) + -8.
-9
What is -25 - (-9 + 26 + -22)?
-20
7 + 5 + -16 + 5 + -1 + -5
-5
What is the value of -27 + 76 + -27 - 12?
10
Evaluate (-9 - -14) + -6 + 5 - (4 - 2).
2
Evaluate 20 + -21 + 46 + -30.
15
What is -245 + 245 - (-4 - 1)?
5
What is 2 - (14 + 0) - (45 - 50)?
-7
Evaluate 10 + (9 - 37) + 8.
-10
Evaluate -2 + (-2 - 0) - (821 + -827).
2
Evaluate -33 - (18 + -15) - -17.
-19
Calculate -42 - 4 - (-114 - -85).
-17
What is -165 + 144 - (-13 + 2 + -2)?
-8
What is the value of (-1 - -3 - -3) + (-5 - -20) + -5?
15
What is (-8 - (13 + -13)) + (35 - 5)?
22
2 - (2 - (2 + 0)) - (-101 - -96)
7
What is the value of 6 - (11 + 12) - (-4 - 0)?
-13
Calculate 0 - (1 - 8) - (172 + -226 + 66).
-5
Calculate -5 + 4 + 0 + -11.
-12
Evaluate 25 - (5 - (1 - -2)) - (21 - 14).
16
Calculate -11 + 11 + -8 - 13.
-21
What is -4 - (-6 + (-6 - (-15 - -1)))?
-6
Calculate (-2 - 1 - (11 - 16)) + (-30 - -30).
2
What is the value of (-14 - (-19 - 17)) + -20?
2
What is the value of 7 + -3 - (-19 + 37 + -13)?
-1
(14 - 17) + 5 + 3 - 20
-15
-15 + (1 - -1) - (83 + -106)
10
14 + -5 - 7 - (4 + 3) - -25
20
What is (-36 - -28 - 15) + 16?
-7
Evaluate -1 - -2 - (-36 - 33 - -77).
-7
19 + -35 + (-25 - -22)
-19
What is (-61 + 33 - -15) + 16?
3
Evaluate 0 + -2 + -28 + -1104 + 1115.
-19
74 + -74 - (-3 - -5 - -5 - -2)
-9
What is 27 + 5 - (-282 + 311)?
3
Evaluate (0 + -8 - -13) + (-5 - (-4 - -4)).
0
22 + 1 - ((-6 - -2) + (-7 - -10))
24
Evaluate (-3 + 23 - 21) + (-9 - 2).
-12
What is the value of (18 + -9 + -15 - 7) + (-2 - -1)?
-14
Calculate -2 - 4 - -5 - -7 - (9 + 1).
-4
Evaluate (32 - 12) + -14 + 5 + (4 - -2).
17
-40 + 37 + 5 + -1 + 10
11
Calculate (402 - 417) + -1 + -1 + 4.
-13
Evaluate 162 - 198 - (-9 + -36).
9
What is -11 + -1 + (0 + -4 - (328 + -330))?
-14
What is 6 + (5 - 13) + (1 - 0) + -3?
-4
106